Let f(q) be the first derivative of q**2/2 - 6*q - 7. Determine f(k).
5
Let y(j) = 61*j - 25. Let b(m) = -21*m + 8. Let d(a) = -11*b(a) - 4*y(a). Let g(z) = 11*z - 11. Let v(w) = -6*d(w) - 7*g(w). Give v(-2).
3
Let n(k) = 15*k**3 + 8*k**2 - 7*k - 5. Let c(v) = -40 - 9*v**2 - 13*v**3 + 85 + 6*v - 41. Let y(f) = 7*c(f) + 6*n(f). Determine y(-15).
-2
Let i(w) = w**2 + 5*w + 2. Let h be 2 + (-344)/(-34) + 42/(-357). Suppose h*b + 89 - 29 = 0. Give i(b).
2
Let z(f) = -4*f + 14. Let i = -1 + 4. Let t be z(i). Let u(l) = -2*l + 7 - 8 - t + 3*l. Give u(0).
-3
Let h(d) = 144*d + 9 - 259*d + 95*d. Give h(-3).
69
Let w(q) = -718*q + 3627. Let f be w(5). Let r(l) = -7*l + 246. Determine r(f).
-13
Let n(i) be the first derivative of i**2 + 21*i + 17. Let q be n(-9). Let w(y) = -2*y - 1 + q*y + 1. What is w(0)?
0
Let b(d) be the third derivative of -d**5/60 + 11*d**4/8 - 25*d**3/3 + 7*d**2 - 82*d. Give b(31).
12
Let o(h) = -9*h**2 + h + 8. Let u(g) = 10*g**2 - 2*g - 9. Let y(z) = 7*o(z) + 6*u(z). Let d = 1666 - 1670. What is y(d)?
-26
Let q = -8011 - -8017. Let i(d) = -d**2 - 4*d + 7. Let t be i(-5). Let y(z) = -z**3 + 2*z**t - 5*z + 4*z**2 + 3*z + 1 + 0. What is y(q)?
-11
Let b be (6/9)/(9/135). Let z(j) = -5 + b*j - 35*j + 14*j + 10*j. Calculate z(6).
-11
Let z = 5028 + -5022. Let d(p) = -p + 1. Give d(z).
-5
Let m(n) = -140 - 12*n**2 + 148 - 5*n - n**3 + 4*n**2 - n**2. Let p = -1 - 7. Determine m(p).
-16
Let x(z) = -1606 + 2*z + 1606. Determine x(-9).
-18
Let z = -1239 - -1245. Let f(v) = -v**3 + 2*v**2 + 5*v + 2. Calculate f(z).
-112
Let q(u) = 3 - 3*u + 2*u + 0*u + 0. Suppose -3*v - 2*v - 14 = -o, 4*o - 24 = 4*v. Suppose o*h + 20 = -h. Determine q(h).
7
Let i = 122 + -125. Let c(t) = 2*t**2 + 4*t - 8. Give c(i).
-2
Let l(j) = 19*j + 16. Suppose 183*r - 120 = 303*r. Determine l(r).
-3
Suppose 4*x + 10 = 50. Suppose x = 5*z - 20. Let u(b) be the third derivative of -b**6/120 + b**5/10 + b**4/24 - b**3/6 + 2881*b**2. Give u(z).
5
Let v(d) be the third derivative of d**7/840 + d**6/72 + d**5/40 + 25*d**3/3 - d**2 - 17. Let y(k) be the first derivative of v(k). What is y(-3)?
9
Let o(d) = d + 10. Let f(l) = -l - 9. Let h(m) = m**2 + m - 11. Let t be h(-5). Suppose -6*z = -t*z - 15. Let j(i) = z*f(i) - 4*o(i). Give j(0).
5
Let o(y) = y**2 + 12*y - 17. Suppose -g - d = 3, -4 = 2*g + 3*d + 1. Let c be -14 - (28/g - -5). Determine o(c).
-17
Suppose -5*x + 12 = -2*x. Let p(w) = 2*w + 2*w**2 + 7*w**3 - w + 2*w**2 - 8*w**3. Let z(a) = -a**3 + 4*a**2. Let c(g) = 2*p(g) - 3*z(g). What is c(x)?
8
Suppose -7*i = 109 - 109. Let a(f) = -f**3 + 2*f**2 + 52. What is a(i)?
52
Let h = 125384 - 78040. Let z(i) = 3 - 47345*i**2 + 1 + h*i**2 + 9*i. Calculate z(8).
12
Let m(k) = 19*k - 31. Suppose -5*w + 89 = 74. Let r(l) = -8*l + 15. Let d(f) = w*m(f) + 7*r(f). Calculate d(-5).
7
Let d = 4235 - 4232. Let g(p) be the first derivative of -1/2*p**2 - 1/3*p**d + 17 - 7*p. Give g(0).
-7
Let h(d) = -30*d**3 + d**2 - 4*d + 2. Let p(z) = -7*z**3 - z. Let v(f) = -h(f) + 4*p(f). Calculate v(0).
-2
Let b(q) = q**3 - 15*q**2 - q + 18. Let z(h) = h**2 + 8*h - 21. Let g be z(-13). Suppose 0 = g*f - 85 - 575. Determine b(f).
3
Let o(i) = 2*i**3 - 4*i**2 + i + 2. Let r = -718 + 722. Suppose 1277*l - 1275*l = r. Give o(l).
4
Let t(a) be the first derivative of 8/3*a**3 + 124 + 3*a - 3/2*a**2. Calculate t(2).
29
Let x(z) = -5358*z - 70 + 10724*z - 5362*z. Calculate x(17).
-2
Let i(s) be the third derivative of 0*s + 1/60*s**5 + 1/6*s**3 - 7*s**2 - 7/24*s**4 - 17. Give i(3).
-11
Let r(y) = -3*y + 34. Let w be r(8). Let b be (-96)/(-51) + w/85. Let t(a) = -6 - a + 4 - b + a**2. Determine t(-4).
16
Suppose -5*y - 3*g + 21 - 18 = 0, -5*y = -g - 19. Let i(o) = -16*o + 39. What is i(y)?
-9
Suppose 5*o = 4*o + 4. Let w(m) = -41 + o - 4*m + 16 + 13. What is w(-2)?
0
Suppose 46*d = 32*d + 266. Let r(x) = 7*x - 63. Let m(b) = -3*b + 31. Let o(n) = 5*m(n) + 2*r(n). What is o(d)?
10
Let w(z) = -5*z + 1. Let f(o) = 4*o - 1. Let l(y) = 3*f(y) + 2*w(y). Suppose -8*c + 64 - 96 = 0. Let p be (3/c)/((90/80)/(-3)). Calculate l(p).
3
Let i(b) = -325*b - 12 - 2*b**2 + 3*b**2 + 326*b + 7. Suppose o + 5*f = -1, -3*o + 4*f + 0*f = -16. Calculate i(o).
15
Let p(c) = c**3 + 7*c**2 - 2*c + 8. Let o be ((-25)/24 - (-219)/584) + (-44)/6. Calculate p(o).
-40
Let g(d) = d**3 - 28*d**2 + 37*d - 273. Let v(f) = f**3 + 12*f**2 + 180*f + 2536. Let a be v(-13). Calculate g(a).
-3
Let t(q) = 8*q - 15*q - q**2 + 6 + 18*q + 2 + q. Let g be t(13). Let k(w) = -5*w + 3. Determine k(g).
28
Suppose -b = 0, -16 - 14 = -2*j - 3*b. Suppose 0*c - 4*c = 36. Let w = c + j. Let x(v) = v**2 - 7*v + 5. Calculate x(w).
-1
Let n be 82 + -87 + (-12 - -18)/(2/3). Let x(g) = -3*g**2 + 9*g + 11. Determine x(n).
-1
Let b(j) = -j**2 + 6*j + 11. Let o(w) = -3*w**2 + 24*w + 32. Let i(c) = 7*b(c) - 2*o(c). What is i(-8)?
-3
Let l(a) = -a**3 + 8*a**2 - 2*a + 14. Let w be l(8). Let i(x) = -2*x**3 - 6*x - 9. Determine i(w).
19
Let h(g) = 27*g - 8. Let y be h(18). Let i = y + -476. Let c(w) = 4*w**2 - 3*w. Determine c(i).
10
Let b(v) = -18 - 9 + 18*v - 2*v**3 - 31*v**2 + 133*v**2 - 38*v**2 - 35*v**2. What is b(15)?
18
Let b = 4360 - 4365. Let p(d) = d**3 + 7*d**2 + 9*d - 7. Determine p(b).
-2
Let i be (2 + -32)*(4 + 33/(-6)). Let a be ((-27)/(-1))/(0 + 1/1). Suppose 3*y - i = -a. Let m(c) = -c**3 + 5*c**2 + 6*c - 4. Give m(y).
-4
Let g(u) be the first derivative of u**3/3 - 13*u**2/2 - u - 513. Determine g(0).
-1
Let i = 6 - 14. Let k = i + 5. Let c(r) be the second derivative of r**4/12 + r**3/2 + 2*r**2 - 39*r + 4. What is c(k)?
4
Let n(h) = h**2 + 7*h - 6. Let q = 8 - -20. Suppose 0 = q*r - 34*r. Suppose -11 = 4*k + 5*a, 2*k = -r*k - 3*a - 3. Determine n(k).
12
Let b(a) = -2 - 53*a - 50*a - 3 + 9*a**2 + 152*a - 47*a + a**3. Let l(h) = h**2 - 22*h - 57. Let q be l(24). Give b(q).
-23
Let d(k) = 9*k**3 + 84*k**2 + 30*k - 49. Let c(i) = -10*i**3 - 85*i**2 - 29*i + 51. Let v(h) = -7*c(h) - 8*d(h). What is v(-38)?
-3
Let x(h) = h**2 - 3*h - 4. Suppose 4*j = -2*j + 402. Let k = 81 - j. Suppose -l - 5*p = 4, -p = 4*l + 4*p - k. Give x(l).
14
Let p(z) = 5*z**2 - 5*z - 1. Suppose -19*u - 416 = -161*u + 38*u. Give p(u).
59
Let b(t) = -t**2 + 3*t - 8. Let s be -1 - -2*(1599/312 + 1/(-8)). Give b(s).
-62
Let j(c) be the third derivative of c**6/60 - 7*c**5/60 - 3*c**4/8 + 5*c**3/2 + 7*c**2 - 71*c. What is j(4)?
-5
Let c(f) be the first derivative of -5*f**2/2 + 98*f + 4519. Give c(21).
-7
Let n(i) = i**3 - 2*i**2 + i. Let j(k) = 5*k**3 - 8*k**2 + 4*k - 12. Let v(g) = -j(g) + 4*n(g). Let b be (4/12*0)/(-4). Calculate v(b).
12
Let y be (-6 - 18/(-2)) + -3*1. Let j(g) = -20 + y*g - 3*g - 5*g + 14. Calculate j(-4).
26
Let x(z) be the second derivative of z**5/10 + z**4/8 + z**3/6 + 65*z**2 + 2*z + 22. Let d(p) be the first derivative of x(p). Calculate d(-2).
19
Suppose -5*s - 112 = -2*u, -3*s + 611 = -2*u + 679. Let f(x) = x**2 + 16*x - 127. Determine f(s).
5
Let h(p) = 4*p**2 - 1. Let x(u) = 8*u**2 + u - 3. Let t(r) = -9*h(r) + 4*x(r). Let z = -83 + 76. Let b be 8/6 - (56/12)/z. What is t(b)?
-11
Suppose -10 = -2*j - 0*a + a, -4*a = -5*j + 28. Let k(i) = 10*i + 10*i + 3*i + j*i. Suppose -3*f - 2 = -f. Give k(f).
-27
Let i = -390 + 392. Let y(q) = 26*q**2 - 11*q**i - 16*q**2 + 22*q - 17*q. Give y(5).
0
Let f(i) = 8*i + 7 + 3*i - 12*i. Suppose -8*m - 3*d + 124 = 0, -4*m - 54 = -7*m - 3*d. Determine f(m).
-7
Let s = -93 + 82. Let w be 4/4 + s/1 - -3. Let v(d) be the third derivative of -d**4/24 - 4*d**3/3 + d**2. What is v(w)?
-1
Let r(j) be the first derivative of -j**4/4 - 7*j**3/3 - 2*j**2 + 8*j - 6418. Calculate r(-7).
36
Let j(c) = 9*c**3 + 3*c + 2. Let s(y) = 4*y**3 - y**2 + y. Let n(g) = j(g) - 3*s(g). What is n(3)?
-52
Let z(u) be the second derivative of 1293*u**3 - 45*u - 1292*u**3 - 18*u. Determine z(-1).
-6
Let q be 2 - 1/2*0. Let h = 1135 + -1130. Let j(x) = 0*x + x - h*x**2 + 9*x**q. Give j(1).
5
Let l(t) = 9*t + 10. Suppose -q - 5*o - 2 = 0, -18*q + o - 5 = -20*q. What is l(q)?
37
Let g(x) = -35*x - 238. Let s(c) = 19*c + 129. Let l(u) = 6*g(u) + 11*s(u). Let t = -6 - -5. Let n = -10 - t. Calculate l(n).
0
Let o(s) be the third derivative of 7/6*s**3 + s**2 + 0 - 41*s + 1/60*s**5 - 1/12*s**4. Determine o(5).
22
Let r(y) be the third derivative of -y**4/24